{"id":776,"date":"2025-02-16T20:37:22","date_gmt":"2025-02-16T20:37:22","guid":{"rendered":"https:\/\/psalmoterapia.pl\/?page_id=776"},"modified":"2025-03-04T18:42:38","modified_gmt":"2025-03-04T18:42:38","slug":"psalmoterapia","status":"publish","type":"page","link":"https:\/\/psalmoterapia.pl\/index.php\/psalmoterapia\/","title":{"rendered":"Psalmoterapia"},"content":{"rendered":"\t\t<div data-elementor-type=\"wp-page\" data-elementor-id=\"776\" class=\"elementor elementor-776\">\n\t\t\t\t<div class=\"aux-parallax-section elementor-element elementor-element-9770022 e-flex e-con-boxed e-con e-parent\" data-id=\"9770022\" data-element_type=\"container\" data-settings=\"{&quot;background_background&quot;:&quot;gradient&quot;}\">\n\t\t\t\t\t<div class=\"e-con-inner\">\n\t\t<div class=\"elementor-element elementor-element-5ca22ab e-con-full e-flex e-con e-child\" data-id=\"5ca22ab\" data-element_type=\"container\">\n\t\t\t\t<div class=\"elementor-element elementor-element-b715ddb elementor-widget__width-initial e-transform e-transform elementor-widget elementor-widget-image\" data-id=\"b715ddb\" data-element_type=\"widget\" data-settings=\"{&quot;_transform_translateX_effect&quot;:{&quot;unit&quot;:&quot;%&quot;,&quot;size&quot;:-15.5,&quot;sizes&quot;:[]},&quot;_transform_translateX_effect_tablet&quot;:{&quot;unit&quot;:&quot;%&quot;,&quot;size&quot;:&quot;&quot;,&quot;sizes&quot;:[]},&quot;_transform_translateX_effect_mobile&quot;:{&quot;unit&quot;:&quot;%&quot;,&quot;size&quot;:&quot;&quot;,&quot;sizes&quot;:[]},&quot;_transform_scale_effect&quot;:{&quot;unit&quot;:&quot;px&quot;,&quot;size&quot;:1.2,&quot;sizes&quot;:[]},&quot;_transform_translateY_effect&quot;:{&quot;unit&quot;:&quot;px&quot;,&quot;size&quot;:&quot;&quot;,&quot;sizes&quot;:[]},&quot;_transform_translateY_effect_tablet&quot;:{&quot;unit&quot;:&quot;px&quot;,&quot;size&quot;:&quot;&quot;,&quot;sizes&quot;:[]},&quot;_transform_translateY_effect_mobile&quot;:{&quot;unit&quot;:&quot;px&quot;,&quot;size&quot;:&quot;&quot;,&quot;sizes&quot;:[]},&quot;_transform_scale_effect_tablet&quot;:{&quot;unit&quot;:&quot;px&quot;,&quot;size&quot;:&quot;&quot;,&quot;sizes&quot;:[]},&quot;_transform_scale_effect_mobile&quot;:{&quot;unit&quot;:&quot;px&quot;,&quot;size&quot;:&quot;&quot;,&quot;sizes&quot;:[]}}\" data-widget_type=\"image.default\">\n\t\t\t\t<div class=\"elementor-widget-container\">\n\t\t\t\t\t\t\t\t\t\t\t\t\t\t\t<img fetchpriority=\"high\" decoding=\"async\" width=\"772\" height=\"643\" src=\"https:\/\/psalmoterapia.pl\/wp-content\/uploads\/2025\/03\/header_zdjecie-5.png\" class=\"attachment-full size-full wp-image-1681\" alt=\"\" \/>\t\t\t\t\t\t\t\t\t\t\t\t\t\t\t<\/div>\n\t\t\t\t<\/div>\n\t\t\t\t<\/div>\n\t\t<div class=\"elementor-element elementor-element-8eb8c24 e-con-full e-flex e-con e-child\" data-id=\"8eb8c24\" data-element_type=\"container\">\n\t\t\t\t<div class=\"elementor-element elementor-element-dfdfe3f elementor-widget elementor-widget-aux_image\" data-id=\"dfdfe3f\" data-element_type=\"widget\" data-widget_type=\"aux_image.default\">\n\t\t\t\t<div class=\"elementor-widget-container\">\n\t\t\t\t\t<section class=\"widget-container aux-widget-image aux-alignnone aux-parent-au7d0a53ed\">\n    <div class=\"aux-media-hint-frame \">\n        <div class=\"aux-media-image \" >\n        \n            \n\n            \n            <img decoding=\"async\" width=\"134\" height=\"195\" src=\"https:\/\/psalmoterapia.pl\/wp-content\/uploads\/2025\/03\/header_grafika.png\" class=\"aux-attachment aux-featured-image aux-attachment-id-1636\" alt=\"header_grafika\" data-ratio=\"1\" data-original-w=\"134\" sizes=\"(max-width:479px) 480px,(max-width:767px) 768px,(max-width:1023px) 1024px,134px\" \/>            \n                <\/div>\n    <\/div>\n\n<\/section><!-- widget-container -->\t\t\t\t<\/div>\n\t\t\t\t<\/div>\n\t\t\t\t<div class=\"elementor-element elementor-element-3042a55 elementor-widget elementor-widget-aux_modern_heading\" data-id=\"3042a55\" data-element_type=\"widget\" data-widget_type=\"aux_modern_heading.default\">\n\t\t\t\t<div class=\"elementor-widget-container\">\n\t\t\t\t\t<section class=\"aux-widget-modern-heading\">\n            <div class=\"aux-widget-inner\"><h2 class=\"aux-modern-heading-primary\">Psalmoterapia<\/h2><div class=\"aux-modern-heading-divider\"><\/div><div class=\"aux-modern-heading-description\"><h5>Ksi\u0105\u017cka \u201cPsalmoterapia\u201d to \u017cywe \u015bwiadectwo<br \/>ponownego rozmi\u0142owania si\u0119 w modlitwie s\u0142owem Bo\u017cym. <br \/>Czytaj\u0105c j\u0105, zyskasz drogowskaz, jak z pomoc\u0105 \u0142aski Bo\u017cej<br \/>mo\u017cesz wej\u015b\u0107 na drog\u0119 odnowy \u017cycia duchowego.<\/h5><\/div><\/div>\n        <\/section>\t\t\t\t<\/div>\n\t\t\t\t<\/div>\n\t\t\t\t<div class=\"elementor-element elementor-element-7b8c63b elementor-widget__width-initial elementor-widget elementor-widget-aux_modern_button\" data-id=\"7b8c63b\" data-element_type=\"widget\" data-widget_type=\"aux_modern_button.default\">\n\t\t\t\t<div class=\"elementor-widget-container\">\n\t\t\t\t\t    <div class=\"aux-modern-button-wrapper aux-modern-button-align-center\" >\n                    <a class=\"aux-modern-button aux-black aux-modern-button-md aux-modern-button-curve aux-modern-button-default aux-icon-right\" href=\"#o-ksiazce\" target=\"_blank\">\n                <div class=\"aux-overlay\"><\/div>\n                                    <div class=\"aux-icon \">\n                        <i aria-hidden=\"true\" class=\"auxicon2 auxicon2-arrow-chevron-fat-down\"><\/i>                    <\/div>\n                                <div class=\"aux-text\">\n<span class=\"aux-text-before\">Dowiedz si\u0119 wi\u0119cej o ksi\u0105\u017cce<\/span>                <\/div>\n            <\/a>\n            \n    <\/div>\n\n    \t\t\t\t<\/div>\n\t\t\t\t<\/div>\n\t\t\t\t<\/div>\n\t\t\t\t\t<\/div>\n\t\t\t\t<\/div>\n\t\t<div class=\"aux-parallax-section elementor-element elementor-element-eecd5c5 e-flex e-con-boxed e-con e-parent\" data-id=\"eecd5c5\" data-element_type=\"container\" data-settings=\"{&quot;background_background&quot;:&quot;classic&quot;}\">\n\t\t\t\t\t<div class=\"e-con-inner\">\n\t\t<div class=\"elementor-element elementor-element-5ffb333 e-con-full e-flex e-con e-child\" data-id=\"5ffb333\" data-element_type=\"container\">\n\t\t\t\t<div class=\"elementor-element elementor-element-d58c45d elementor-widget elementor-widget-menu-anchor\" data-id=\"d58c45d\" data-element_type=\"widget\" data-widget_type=\"menu-anchor.default\">\n\t\t\t\t<div class=\"elementor-widget-container\">\n\t\t\t\t\t\t\t<div class=\"elementor-menu-anchor\" id=\"o-ksiazce\"><\/div>\n\t\t\t\t\t\t<\/div>\n\t\t\t\t<\/div>\n\t\t\t\t<div class=\"elementor-element elementor-element-989fa3b animated-slow e-transform elementor-invisible elementor-widget elementor-widget-image\" data-id=\"989fa3b\" data-element_type=\"widget\" data-settings=\"{&quot;_animation&quot;:&quot;rotateInDownLeft&quot;,&quot;_animation_delay&quot;:0,&quot;_transform_rotateZ_effect&quot;:{&quot;unit&quot;:&quot;px&quot;,&quot;size&quot;:-5,&quot;sizes&quot;:[]},&quot;_transform_rotateZ_effect_tablet&quot;:{&quot;unit&quot;:&quot;deg&quot;,&quot;size&quot;:&quot;&quot;,&quot;sizes&quot;:[]},&quot;_transform_rotateZ_effect_mobile&quot;:{&quot;unit&quot;:&quot;deg&quot;,&quot;size&quot;:&quot;&quot;,&quot;sizes&quot;:[]}}\" data-widget_type=\"image.default\">\n\t\t\t\t<div class=\"elementor-widget-container\">\n\t\t\t\t\t\t\t\t\t\t\t\t\t\t\t<img decoding=\"async\" width=\"1024\" height=\"1024\" src=\"https:\/\/psalmoterapia.pl\/wp-content\/uploads\/2025\/03\/Psalmoterapia_3D_Lezaca-2048x1636-2-1024x1024.png\" class=\"attachment-large size-large wp-image-1785\" alt=\"\" srcset=\"https:\/\/psalmoterapia.pl\/wp-content\/uploads\/2025\/03\/Psalmoterapia_3D_Lezaca-2048x1636-2-1024x1024.png 1024w, https:\/\/psalmoterapia.pl\/wp-content\/uploads\/2025\/03\/Psalmoterapia_3D_Lezaca-2048x1636-2-300x300.png 300w, https:\/\/psalmoterapia.pl\/wp-content\/uploads\/2025\/03\/Psalmoterapia_3D_Lezaca-2048x1636-2-150x150.png 150w, https:\/\/psalmoterapia.pl\/wp-content\/uploads\/2025\/03\/Psalmoterapia_3D_Lezaca-2048x1636-2-768x768.png 768w\" sizes=\"(max-width: 1024px) 100vw, 1024px\" \/>\t\t\t\t\t\t\t\t\t\t\t\t\t\t\t<\/div>\n\t\t\t\t<\/div>\n\t\t\t\t<\/div>\n\t\t<div class=\"elementor-element elementor-element-c54ab7f e-con-full e-flex e-con e-child\" data-id=\"c54ab7f\" data-element_type=\"container\">\n\t\t\t\t<div class=\"elementor-element elementor-element-3ebf47f elementor-widget elementor-widget-heading\" data-id=\"3ebf47f\" data-element_type=\"widget\" data-widget_type=\"heading.default\">\n\t\t\t\t<div class=\"elementor-widget-container\">\n\t\t\t\t\t<h1 class=\"elementor-heading-title elementor-size-default\">Psalmoterapia<\/h1>\t\t\t\t<\/div>\n\t\t\t\t<\/div>\n\t\t\t\t<div class=\"elementor-element elementor-element-61e6eaa elementor-widget__width-initial elementor-widget elementor-widget-text-editor\" data-id=\"61e6eaa\" data-element_type=\"widget\" data-widget_type=\"text-editor.default\">\n\t\t\t\t<div class=\"elementor-widget-container\">\n\t\t\t\t\t\t\t\t\t<p><strong>150 cudownych recept<\/strong><br \/>Szukasz lekarstwa na dolegliwo\u015bci swojego serca? <br \/>Wr\u00f3\u0107 do Ksi\u0119gi Psalm\u00f3w &#8211; to wyj\u0105tkowe modlitwy, kt\u00f3re od tysi\u0119cy lat <br \/>poruszaj\u0105 i przemieniaj\u0105 ludzkie serca. Znajdziesz w nich<br \/>m\u0105dro\u015b\u0107, autentyzm, nadziej\u0119, pi\u0119kno oraz si\u0142\u0119, <br \/>kt\u00f3re staj\u0105 si\u0119 udzia\u0142em tego, kto je czyta.<\/p><p><strong>\u017bywe \u015bwiadectwo<\/strong><br \/>Ksi\u0105\u017cka\u00a0 to \u017cywe \u015bwiadectwo ponownego rozmi\u0142owania si\u0119 <br \/>w modlitwie s\u0142owem Bo\u017cym. Czytaj\u0105c j\u0105, zyskasz drogowskaz, <br \/>jak z pomoc\u0105 \u0142aski Bo\u017cej mo\u017cesz wej\u015b\u0107 na drog\u0119 odnowy \u017cycia duchowego.<\/p><p><strong>Wiele sposob\u00f3w<\/strong><br \/>Autor ksi\u0105\u017cki opisa\u0142 r\u00f3\u017cne sposoby czerpania z bogactwa psalm\u00f3w, <br \/>kt\u00f3re sprawdzi\u0142 w praktyce. Dzi\u0119ki nim poznasz terapeutyczn\u0105 moc Psalm\u00f3w i wykorzystasz j\u0105 w swoim \u017cyciu.<\/p>\t\t\t\t\t\t\t\t<\/div>\n\t\t\t\t<\/div>\n\t\t\t\t<div class=\"elementor-element elementor-element-d1c725a elementor-widget elementor-widget-button\" data-id=\"d1c725a\" data-element_type=\"widget\" data-widget_type=\"button.default\">\n\t\t\t\t<div class=\"elementor-widget-container\">\n\t\t\t\t\t\t\t\t\t<div class=\"elementor-button-wrapper\">\n\t\t\t\t\t<a class=\"elementor-button elementor-button-link elementor-size-sm elementor-animation-bounce-in\" href=\"https:\/\/edycja.pl\/ksiazki\/duchowosc\/psalmoterapia-1320011558.html\">\n\t\t\t\t\t\t<span class=\"elementor-button-content-wrapper\">\n\t\t\t\t\t\t<span class=\"elementor-button-icon\">\n\t\t\t\t<i aria-hidden=\"true\" class=\"auxicon2 auxicon2-arrow-chevron-med-right\"><\/i>\t\t\t<\/span>\n\t\t\t\t\t\t\t\t\t<span class=\"elementor-button-text\">Kup tutaj<\/span>\n\t\t\t\t\t<\/span>\n\t\t\t\t\t<\/a>\n\t\t\t\t<\/div>\n\t\t\t\t\t\t\t\t<\/div>\n\t\t\t\t<\/div>\n\t\t\t\t<\/div>\n\t\t\t\t\t<\/div>\n\t\t\t\t<\/div>\n\t\t<div class=\"aux-parallax-section elementor-element elementor-element-f93f981 e-flex e-con-boxed e-con e-parent\" data-id=\"f93f981\" data-element_type=\"container\" data-settings=\"{&quot;background_background&quot;:&quot;classic&quot;}\">\n\t\t\t\t\t<div class=\"e-con-inner\">\n\t\t\t\t<div class=\"elementor-element elementor-element-0b43897 elementor-widget elementor-widget-heading\" data-id=\"0b43897\" data-element_type=\"widget\" data-widget_type=\"heading.default\">\n\t\t\t\t<div class=\"elementor-widget-container\">\n\t\t\t\t\t<h2 class=\"elementor-heading-title elementor-size-default\">Recenzja<\/h2>\t\t\t\t<\/div>\n\t\t\t\t<\/div>\n\t\t\t\t<div class=\"elementor-element elementor-element-8404ac0 elementor-widget elementor-widget-image\" data-id=\"8404ac0\" data-element_type=\"widget\" data-widget_type=\"image.default\">\n\t\t\t\t<div class=\"elementor-widget-container\">\n\t\t\t\t\t\t\t\t\t\t\t\t\t\t\t<img loading=\"lazy\" decoding=\"async\" width=\"350\" height=\"210\" src=\"https:\/\/psalmoterapia.pl\/wp-content\/uploads\/2025\/03\/sekcja_recenzje_grafika.png\" class=\"attachment-medium_large size-medium_large wp-image-1639\" alt=\"\" \/>\t\t\t\t\t\t\t\t\t\t\t\t\t\t\t<\/div>\n\t\t\t\t<\/div>\n\t\t\t\t<div class=\"elementor-element elementor-element-40df0d3 elementor-widget elementor-widget-text-editor\" data-id=\"40df0d3\" data-element_type=\"widget\" data-widget_type=\"text-editor.default\">\n\t\t\t\t<div class=\"elementor-widget-container\">\n\t\t\t\t\t\t\t\t\tZobacz recenzj\u0119 ksi\u0105\u017cki \u201ePsalmoterapia\u201d!\t\t\t\t\t\t\t\t<\/div>\n\t\t\t\t<\/div>\n\t\t\t\t<div class=\"elementor-element elementor-element-16a6d73 elementor-widget__width-initial elementor-widget elementor-widget-video\" data-id=\"16a6d73\" data-element_type=\"widget\" data-settings=\"{&quot;youtube_url&quot;:&quot;https:\\\/\\\/www.youtube.com\\\/watch?v=IryZG9ZkGcg&quot;,&quot;video_type&quot;:&quot;youtube&quot;,&quot;controls&quot;:&quot;yes&quot;}\" data-widget_type=\"video.default\">\n\t\t\t\t<div class=\"elementor-widget-container\">\n\t\t\t\t\t\t\t<div class=\"elementor-wrapper elementor-open-inline\">\n\t\t\t<div class=\"elementor-video\"><\/div>\t\t<\/div>\n\t\t\t\t\t\t<\/div>\n\t\t\t\t<\/div>\n\t\t\t\t\t<\/div>\n\t\t\t\t<\/div>\n\t\t<div class=\"aux-parallax-section elementor-element elementor-element-8d26363 e-flex e-con-boxed e-con e-parent\" data-id=\"8d26363\" data-element_type=\"container\" data-settings=\"{&quot;background_background&quot;:&quot;classic&quot;}\">\n\t\t\t\t\t<div class=\"e-con-inner\">\n\t\t\t\t<div class=\"elementor-element elementor-element-d996092 elementor-widget-mobile__width-initial elementor-widget__width-initial elementor-widget elementor-widget-aux_image\" data-id=\"d996092\" data-element_type=\"widget\" data-widget_type=\"aux_image.default\">\n\t\t\t\t<div class=\"elementor-widget-container\">\n\t\t\t\t\t<section class=\"widget-container aux-widget-image aux-alignnone aux-parent-aue3a6e4ac\">\n    <div class=\"aux-media-hint-frame \">\n        <div class=\"aux-media-image \" >\n        \n            \n\n            \n            <img loading=\"lazy\" decoding=\"async\" width=\"357\" height=\"94\" src=\"https:\/\/psalmoterapia.pl\/wp-content\/uploads\/2025\/03\/sekcja_zapisz_sie_do_wsponoty_grafika-1.png\" class=\"aux-attachment aux-featured-image aux-attachment-id-2019\" alt=\"sekcja_zapisz_sie_do_wsponoty_grafika\" srcset=\"https:\/\/psalmoterapia.pl\/wp-content\/uploads\/2025\/03\/sekcja_zapisz_sie_do_wsponoty_grafika-1-150x94.png 150w,https:\/\/psalmoterapia.pl\/wp-content\/uploads\/2025\/03\/sekcja_zapisz_sie_do_wsponoty_grafika-1-300x94.png 300w,https:\/\/psalmoterapia.pl\/wp-content\/uploads\/2025\/03\/sekcja_zapisz_sie_do_wsponoty_grafika-1.png 357w\" data-ratio=\"1\" data-original-w=\"357\" sizes=\"(max-width:479px) 480px,(max-width:767px) 768px,(max-width:1023px) 1024px,357px\" \/>            \n                <\/div>\n    <\/div>\n\n<\/section><!-- widget-container -->\t\t\t\t<\/div>\n\t\t\t\t<\/div>\n\t\t\t\t<div class=\"elementor-element elementor-element-2f2c729 elementor-widget elementor-widget-heading\" data-id=\"2f2c729\" data-element_type=\"widget\" data-widget_type=\"heading.default\">\n\t\t\t\t<div class=\"elementor-widget-container\">\n\t\t\t\t\t<h2 class=\"elementor-heading-title elementor-size-default\">Zapisz si\u0119 do wsp\u00f3lnoty 1w1!<\/h2>\t\t\t\t<\/div>\n\t\t\t\t<\/div>\n\t\t\t\t<div class=\"elementor-element elementor-element-00c1ac7 elementor-widget elementor-widget-aux_modern_button\" data-id=\"00c1ac7\" data-element_type=\"widget\" data-widget_type=\"aux_modern_button.default\">\n\t\t\t\t<div class=\"elementor-widget-container\">\n\t\t\t\t\t    <div class=\"aux-modern-button-wrapper aux-modern-button-align-center\" >\n                    <a class=\"aux-modern-button aux-caution aux-modern-button-sm aux-modern-button-round aux-modern-button-default aux-icon-\" href=\"mailto:flowerpiotr@gmail.com\" target=\"_blank\">\n                <div class=\"aux-overlay\"><\/div>\n                                <div class=\"aux-text\">\n<span class=\"aux-text-highlighted\">Napisz! flowerpiotr@gmail.com<\/span>                <\/div>\n            <\/a>\n            \n    <\/div>\n\n    \t\t\t\t<\/div>\n\t\t\t\t<\/div>\n\t\t\t\t\t<\/div>\n\t\t\t\t<\/div>\n\t\t<div class=\"aux-parallax-section elementor-element elementor-element-b3efc3d e-flex e-con-boxed e-con e-parent\" data-id=\"b3efc3d\" data-element_type=\"container\" data-settings=\"{&quot;background_background&quot;:&quot;classic&quot;}\">\n\t\t\t\t\t<div class=\"e-con-inner\">\n\t\t\t\t<div class=\"elementor-element elementor-element-99b6a99 elementor-widget__width-inherit elementor-widget elementor-widget-heading\" data-id=\"99b6a99\" data-element_type=\"widget\" data-widget_type=\"heading.default\">\n\t\t\t\t<div class=\"elementor-widget-container\">\n\t\t\t\t\t<h2 class=\"elementor-heading-title elementor-size-default\">publkacje<\/h2>\t\t\t\t<\/div>\n\t\t\t\t<\/div>\n\t\t\t\t<div class=\"elementor-element elementor-element-256f21a elementor-widget__width-inherit elementor-absolute elementor-widget elementor-widget-aux_image\" data-id=\"256f21a\" data-element_type=\"widget\" data-settings=\"{&quot;_position&quot;:&quot;absolute&quot;}\" data-widget_type=\"aux_image.default\">\n\t\t\t\t<div class=\"elementor-widget-container\">\n\t\t\t\t\t<section class=\"widget-container aux-widget-image aux-alignnone aux-parent-au20edee96\">\n    <div class=\"aux-media-hint-frame \">\n        <div class=\"aux-media-image \" >\n        \n            \n\n            \n            <img loading=\"lazy\" decoding=\"async\" width=\"311\" height=\"88\" src=\"https:\/\/psalmoterapia.pl\/wp-content\/uploads\/2025\/03\/sekcja_publikacje_grafika.png\" class=\"aux-attachment aux-featured-image aux-attachment-id-1638\" alt=\"sekcja_publikacje_grafika\" srcset=\"https:\/\/psalmoterapia.pl\/wp-content\/uploads\/2025\/03\/sekcja_publikacje_grafika-150x88.png 150w,https:\/\/psalmoterapia.pl\/wp-content\/uploads\/2025\/03\/sekcja_publikacje_grafika-300x88.png 300w,https:\/\/psalmoterapia.pl\/wp-content\/uploads\/2025\/03\/sekcja_publikacje_grafika.png 311w\" data-ratio=\"1\" data-original-w=\"311\" sizes=\"(max-width:479px) 480px,(max-width:767px) 768px,(max-width:1023px) 1024px,311px\" \/>            \n                <\/div>\n    <\/div>\n\n<\/section><!-- widget-container -->\t\t\t\t<\/div>\n\t\t\t\t<\/div>\n\t\t\t\t<div class=\"elementor-element elementor-element-b40d893 carousel-links elementor-arrows-position-inside elementor-widget elementor-widget-image-carousel\" data-id=\"b40d893\" data-element_type=\"widget\" data-settings=\"{&quot;navigation&quot;:&quot;arrows&quot;,&quot;autoplay&quot;:&quot;yes&quot;,&quot;pause_on_hover&quot;:&quot;yes&quot;,&quot;pause_on_interaction&quot;:&quot;yes&quot;,&quot;autoplay_speed&quot;:5000,&quot;infinite&quot;:&quot;yes&quot;,&quot;speed&quot;:500}\" data-widget_type=\"image-carousel.default\">\n\t\t\t\t<div class=\"elementor-widget-container\">\n\t\t\t\t\t\t\t<div class=\"elementor-image-carousel-wrapper swiper\" role=\"region\" aria-roledescription=\"carousel\" aria-label=\"Publikacje\" dir=\"ltr\">\n\t\t\t<div class=\"elementor-image-carousel swiper-wrapper\" aria-live=\"off\">\n\t\t\t\t\t\t\t\t<div class=\"swiper-slide\" role=\"group\" aria-roledescription=\"slide\" aria-label=\"1 z 3\"><figure class=\"swiper-slide-inner\"><img decoding=\"async\" class=\"swiper-slide-image\" src=\"https:\/\/psalmoterapia.pl\/wp-content\/uploads\/2025\/03\/365_3D_Lezaca-2048x1636-1.png\" alt=\"365 dni w rytmie psalm\u00f3w\" \/><\/figure><\/div><div class=\"swiper-slide\" role=\"group\" aria-roledescription=\"slide\" aria-label=\"2 z 3\"><figure class=\"swiper-slide-inner\"><img decoding=\"async\" class=\"swiper-slide-image\" src=\"https:\/\/psalmoterapia.pl\/wp-content\/uploads\/2025\/03\/Zeszyt_do_psalmow_3D_Lezaca_2-2048x1636-1.png\" alt=\"zeszyt \u0107wicze\u0144 do psalm\u00f3w\" \/><\/figure><\/div><div class=\"swiper-slide\" role=\"group\" aria-roledescription=\"slide\" aria-label=\"3 z 3\"><figure class=\"swiper-slide-inner\"><img decoding=\"async\" class=\"swiper-slide-image\" src=\"https:\/\/psalmoterapia.pl\/wp-content\/uploads\/2025\/03\/Ksiega_psalmow_3D_Lezaca_2-2048x1636-1.png\" alt=\"Ksi\u0119ga psalm\u00f3w\" \/><\/figure><\/div>\t\t\t<\/div>\n\t\t\t\t\t\t\t\t\t\t\t\t<div class=\"elementor-swiper-button elementor-swiper-button-prev\" role=\"button\" tabindex=\"0\">\n\t\t\t\t\t\t<svg aria-hidden=\"true\" class=\"e-font-icon-svg e-eicon-chevron-left\" viewBox=\"0 0 1000 1000\" xmlns=\"http:\/\/www.w3.org\/2000\/svg\"><path d=\"M646 125C629 125 613 133 604 142L308 442C296 454 292 471 292 487 292 504 296 521 308 533L604 854C617 867 629 875 646 875 663 875 679 871 692 858 704 846 713 829 713 812 713 796 708 779 692 767L438 487 692 225C700 217 708 204 708 187 708 171 704 154 692 142 675 129 663 125 646 125Z\"><\/path><\/svg>\t\t\t\t\t<\/div>\n\t\t\t\t\t<div class=\"elementor-swiper-button elementor-swiper-button-next\" role=\"button\" tabindex=\"0\">\n\t\t\t\t\t\t<svg aria-hidden=\"true\" class=\"e-font-icon-svg e-eicon-chevron-right\" viewBox=\"0 0 1000 1000\" xmlns=\"http:\/\/www.w3.org\/2000\/svg\"><path d=\"M696 533C708 521 713 504 713 487 713 471 708 454 696 446L400 146C388 133 375 125 354 125 338 125 325 129 313 142 300 154 292 171 292 187 292 204 296 221 308 233L563 492 304 771C292 783 288 800 288 817 288 833 296 850 308 863 321 871 338 875 354 875 371 875 388 867 400 854L696 533Z\"><\/path><\/svg>\t\t\t\t\t<\/div>\n\t\t\t\t\n\t\t\t\t\t\t\t\t\t<\/div>\n\t\t\t\t\t\t<\/div>\n\t\t\t\t<\/div>\n\t\t\t\t<div class=\"elementor-element elementor-element-b2ced39 elementor-widget elementor-widget-html\" data-id=\"b2ced39\" data-element_type=\"widget\" data-widget_type=\"html.default\">\n\t\t\t\t<div class=\"elementor-widget-container\">\n\t\t\t\t\t<style>.swiper-slide-image{cursor: pointer;} <\/style>\r\n\r\n\r\n\r\n<script>\r\n\r\ndocument.addEventListener('DOMContentLoaded', function () {\r\n\/* Edit the URL Links Here *\/\r\n\r\nlet links = [\r\n\r\n    'https:\/\/psalmoterapia.pl\/index.php\/365-dni-w-rytmie-psalmow\/',\r\n\r\n  \r\n\r\n    'https:\/\/psalmoterapia.pl\/index.php\/zeszyt-cwiczen-do-psalmow\/',\r\n    \r\n     'https:\/\/psalmoterapia.pl\/index.php\/ksiega-psalmow-z-notatnikem-i-skrutacja\/',\r\n\r\n\r\n\r\n];\r\n\r\n\r\n\r\ndocument.body.addEventListener('click', function (e) {\r\n\r\n    if (e.target.closest('.carousel-links .swiper-slide')){\r\n\r\n    let i = e.target.closest('.swiper-slide').getAttribute(\"data-swiper-slide-index\");\r\n\r\n    if (links[i] && links[i].length > 2){\r\n\r\n    window.open(links[i]);\r\n\r\n    }\r\n\r\n    }\r\n\r\n});\r\n\r\n});\r\n\r\n<\/script>\t\t\t\t<\/div>\n\t\t\t\t<\/div>\n\t\t\t\t\t<\/div>\n\t\t\t\t<\/div>\n\t\t\t\t<\/div>\n\t\t","protected":false},"excerpt":{"rendered":"<p>Psalmoterapia Ksi\u0105\u017cka \u201cPsalmoterapia\u201d to \u017cywe \u015bwiadectwoponownego rozmi\u0142owania si\u0119 w modlitwie s\u0142owem Bo\u017cym. Czytaj\u0105c j\u0105, zyskasz drogowskaz, jak z pomoc\u0105 \u0142aski Bo\u017cejmo\u017cesz wej\u015b\u0107 na drog\u0119 odnowy \u017cycia duchowego. Dowiedz si\u0119 wi\u0119cej o ksi\u0105\u017cce Psalmoterapia 150 cudownych receptSzukasz lekarstwa na dolegliwo\u015bci swojego serca? Wr\u00f3\u0107 do Ksi\u0119gi Psalm\u00f3w &#8211; to wyj\u0105tkowe modlitwy, kt\u00f3re od tysi\u0119cy lat poruszaj\u0105 i [&hellip;]<\/p>\n","protected":false},"author":3,"featured_media":0,"parent":0,"menu_order":0,"comment_status":"closed","ping_status":"closed","template":"elementor_header_footer","meta":{"footnotes":""},"class_list":["post-776","page","type-page","status-publish","hentry"],"_links":{"self":[{"href":"https:\/\/psalmoterapia.pl\/index.php\/wp-json\/wp\/v2\/pages\/776","targetHints":{"allow":["GET"]}}],"collection":[{"href":"https:\/\/psalmoterapia.pl\/index.php\/wp-json\/wp\/v2\/pages"}],"about":[{"href":"https:\/\/psalmoterapia.pl\/index.php\/wp-json\/wp\/v2\/types\/page"}],"author":[{"embeddable":true,"href":"https:\/\/psalmoterapia.pl\/index.php\/wp-json\/wp\/v2\/users\/3"}],"replies":[{"embeddable":true,"href":"https:\/\/psalmoterapia.pl\/index.php\/wp-json\/wp\/v2\/comments?post=776"}],"version-history":[{"count":418,"href":"https:\/\/psalmoterapia.pl\/index.php\/wp-json\/wp\/v2\/pages\/776\/revisions"}],"predecessor-version":[{"id":2100,"href":"https:\/\/psalmoterapia.pl\/index.php\/wp-json\/wp\/v2\/pages\/776\/revisions\/2100"}],"wp:attachment":[{"href":"https:\/\/psalmoterapia.pl\/index.php\/wp-json\/wp\/v2\/media?parent=776"}],"curies":[{"name":"wp","href":"https:\/\/api.w.org\/{rel}","templated":true}]}}