{"id":783,"date":"2025-02-16T20:39:36","date_gmt":"2025-02-16T20:39:36","guid":{"rendered":"https:\/\/psalmoterapia.pl\/?page_id=783"},"modified":"2025-03-10T07:39:17","modified_gmt":"2025-03-10T07:39:17","slug":"zeszyt-cwiczen-do-psalmow","status":"publish","type":"page","link":"https:\/\/psalmoterapia.pl\/index.php\/zeszyt-cwiczen-do-psalmow\/","title":{"rendered":"Zeszyt \u0107wicze\u0144 do psalm\u00f3w"},"content":{"rendered":"\t\t<div data-elementor-type=\"wp-page\" data-elementor-id=\"783\" class=\"elementor elementor-783\">\n\t\t\t\t<div class=\"aux-parallax-section elementor-element elementor-element-d3524ea e-flex e-con-boxed e-con e-parent\" data-id=\"d3524ea\" data-element_type=\"container\" data-settings=\"{&quot;background_background&quot;:&quot;gradient&quot;}\">\n\t\t\t\t\t<div class=\"e-con-inner\">\n\t\t<div class=\"elementor-element elementor-element-9fc4114 e-con-full e-flex e-con e-child\" data-id=\"9fc4114\" data-element_type=\"container\">\n\t\t\t\t<div class=\"elementor-element elementor-element-ea75b54 elementor-widget__width-initial e-transform e-transform elementor-widget elementor-widget-image\" data-id=\"ea75b54\" data-element_type=\"widget\" data-settings=\"{&quot;_transform_translateX_effect&quot;:{&quot;unit&quot;:&quot;%&quot;,&quot;size&quot;:-15.5,&quot;sizes&quot;:[]},&quot;_transform_translateX_effect_tablet&quot;:{&quot;unit&quot;:&quot;%&quot;,&quot;size&quot;:&quot;&quot;,&quot;sizes&quot;:[]},&quot;_transform_translateX_effect_mobile&quot;:{&quot;unit&quot;:&quot;%&quot;,&quot;size&quot;:&quot;&quot;,&quot;sizes&quot;:[]},&quot;_transform_scale_effect&quot;:{&quot;unit&quot;:&quot;px&quot;,&quot;size&quot;:1.2,&quot;sizes&quot;:[]},&quot;_transform_translateY_effect&quot;:{&quot;unit&quot;:&quot;px&quot;,&quot;size&quot;:&quot;&quot;,&quot;sizes&quot;:[]},&quot;_transform_translateY_effect_tablet&quot;:{&quot;unit&quot;:&quot;px&quot;,&quot;size&quot;:&quot;&quot;,&quot;sizes&quot;:[]},&quot;_transform_translateY_effect_mobile&quot;:{&quot;unit&quot;:&quot;px&quot;,&quot;size&quot;:&quot;&quot;,&quot;sizes&quot;:[]},&quot;_transform_scale_effect_tablet&quot;:{&quot;unit&quot;:&quot;px&quot;,&quot;size&quot;:&quot;&quot;,&quot;sizes&quot;:[]},&quot;_transform_scale_effect_mobile&quot;:{&quot;unit&quot;:&quot;px&quot;,&quot;size&quot;:&quot;&quot;,&quot;sizes&quot;:[]}}\" data-widget_type=\"image.default\">\n\t\t\t\t<div class=\"elementor-widget-container\">\n\t\t\t\t\t\t\t\t\t\t\t\t\t\t\t<img fetchpriority=\"high\" decoding=\"async\" width=\"772\" height=\"643\" src=\"https:\/\/psalmoterapia.pl\/wp-content\/uploads\/2025\/03\/header_zdjecie_zeszyt_cwiczen.png\" class=\"attachment-full size-full wp-image-2369\" alt=\"\" \/>\t\t\t\t\t\t\t\t\t\t\t\t\t\t\t<\/div>\n\t\t\t\t<\/div>\n\t\t\t\t<\/div>\n\t\t<div class=\"elementor-element elementor-element-ec537d3 e-con-full e-flex e-con e-child\" data-id=\"ec537d3\" data-element_type=\"container\">\n\t\t\t\t<div class=\"elementor-element elementor-element-3a415e7 elementor-widget elementor-widget-aux_image\" data-id=\"3a415e7\" data-element_type=\"widget\" data-widget_type=\"aux_image.default\">\n\t\t\t\t<div class=\"elementor-widget-container\">\n\t\t\t\t\t<section class=\"widget-container aux-widget-image aux-alignnone aux-parent-aue8d1b8c6\">\n    <div class=\"aux-media-hint-frame \">\n        <div class=\"aux-media-image \" >\n        \n            \n\n            \n            <img decoding=\"async\" width=\"459\" height=\"276\" src=\"https:\/\/psalmoterapia.pl\/wp-content\/uploads\/2025\/03\/sekcja_swiadectwa_grafika.png\" class=\"aux-attachment aux-featured-image aux-attachment-id-2107\" alt=\"sekcja_swiadectwa_grafika\" srcset=\"https:\/\/psalmoterapia.pl\/wp-content\/uploads\/2025\/03\/sekcja_swiadectwa_grafika-150x150.png 150w,https:\/\/psalmoterapia.pl\/wp-content\/uploads\/2025\/03\/sekcja_swiadectwa_grafika-300x276.png 300w,https:\/\/psalmoterapia.pl\/wp-content\/uploads\/2025\/03\/sekcja_swiadectwa_grafika.png 459w\" data-ratio=\"1\" data-original-w=\"459\" sizes=\"(max-width:479px) 480px,(max-width:767px) 768px,(max-width:1023px) 1024px,459px\" \/>            \n                <\/div>\n    <\/div>\n\n<\/section><!-- widget-container -->\t\t\t\t<\/div>\n\t\t\t\t<\/div>\n\t\t\t\t<div class=\"elementor-element elementor-element-f9c0c65 elementor-widget elementor-widget-aux_modern_heading\" data-id=\"f9c0c65\" data-element_type=\"widget\" data-widget_type=\"aux_modern_heading.default\">\n\t\t\t\t<div class=\"elementor-widget-container\">\n\t\t\t\t\t<section class=\"aux-widget-modern-heading\">\n            <div class=\"aux-widget-inner\"><h2 class=\"aux-modern-heading-primary\">Zeszyt \u0107wicze\u0144 \n<br>do psalm\u00f3w<\/h2><div class=\"aux-modern-heading-divider\"><\/div><div class=\"aux-modern-heading-description\"><h5>Podejmij tw\u00f3rcze, modlitewne spotkanie z&nbsp;20 psalmami. Poznaj r\u00f3\u017cnorodne \u0107wiczenia, kt\u00f3re mo\u017cna dopasowa\u0107 do&nbsp;w\u0142asnych mo\u017cliwo\u015bci i&nbsp;potrzeb duchowych.<\/h5><\/div><\/div>\n        <\/section>\t\t\t\t<\/div>\n\t\t\t\t<\/div>\n\t\t\t\t<div class=\"elementor-element elementor-element-e8864c5 elementor-widget__width-initial elementor-widget elementor-widget-aux_modern_button\" data-id=\"e8864c5\" data-element_type=\"widget\" data-widget_type=\"aux_modern_button.default\">\n\t\t\t\t<div class=\"elementor-widget-container\">\n\t\t\t\t\t    <div class=\"aux-modern-button-wrapper aux-modern-button-align-center\" >\n                    <a class=\"aux-modern-button aux-black aux-modern-button-md aux-modern-button-curve aux-modern-button-default aux-icon-right\" href=\"#o-ksiazce\" target=\"_blank\">\n                <div class=\"aux-overlay\"><\/div>\n                                    <div class=\"aux-icon \">\n                        <i aria-hidden=\"true\" class=\"auxicon2 auxicon2-arrow-chevron-fat-down\"><\/i>                    <\/div>\n                                <div class=\"aux-text\">\n<span class=\"aux-text-before\">Dowiedz si\u0119 wi\u0119cej o ksi\u0105\u017cce<\/span>                <\/div>\n            <\/a>\n            \n    <\/div>\n\n    \t\t\t\t<\/div>\n\t\t\t\t<\/div>\n\t\t\t\t<\/div>\n\t\t\t\t\t<\/div>\n\t\t\t\t<\/div>\n\t\t<div class=\"aux-parallax-section elementor-element elementor-element-3771192 e-flex e-con-boxed e-con e-parent\" data-id=\"3771192\" data-element_type=\"container\" data-settings=\"{&quot;background_background&quot;:&quot;classic&quot;}\">\n\t\t\t\t\t<div class=\"e-con-inner\">\n\t\t<div class=\"elementor-element elementor-element-d95bb14 e-con-full e-flex e-con e-child\" data-id=\"d95bb14\" data-element_type=\"container\">\n\t\t\t\t<div class=\"elementor-element elementor-element-3681abb elementor-widget elementor-widget-menu-anchor\" data-id=\"3681abb\" data-element_type=\"widget\" data-widget_type=\"menu-anchor.default\">\n\t\t\t\t<div class=\"elementor-widget-container\">\n\t\t\t\t\t\t\t<div class=\"elementor-menu-anchor\" id=\"o-ksiazce\"><\/div>\n\t\t\t\t\t\t<\/div>\n\t\t\t\t<\/div>\n\t\t\t\t<div class=\"elementor-element elementor-element-d52d3c5 animated-slow e-transform elementor-invisible elementor-widget elementor-widget-image\" data-id=\"d52d3c5\" data-element_type=\"widget\" data-settings=\"{&quot;_animation&quot;:&quot;rotateInDownLeft&quot;,&quot;_animation_delay&quot;:0,&quot;_transform_rotateZ_effect&quot;:{&quot;unit&quot;:&quot;px&quot;,&quot;size&quot;:-5,&quot;sizes&quot;:[]},&quot;_transform_rotateZ_effect_tablet&quot;:{&quot;unit&quot;:&quot;deg&quot;,&quot;size&quot;:&quot;&quot;,&quot;sizes&quot;:[]},&quot;_transform_rotateZ_effect_mobile&quot;:{&quot;unit&quot;:&quot;deg&quot;,&quot;size&quot;:&quot;&quot;,&quot;sizes&quot;:[]}}\" data-widget_type=\"image.default\">\n\t\t\t\t<div class=\"elementor-widget-container\">\n\t\t\t\t\t\t\t\t\t\t\t\t\t\t\t<img decoding=\"async\" width=\"1024\" height=\"1024\" src=\"https:\/\/psalmoterapia.pl\/wp-content\/uploads\/2025\/03\/Zeszyt_do_psalmow_3D_Lezaca_2-2048x1636-2-1024x1024.png\" class=\"attachment-large size-large wp-image-2128\" alt=\"\" srcset=\"https:\/\/psalmoterapia.pl\/wp-content\/uploads\/2025\/03\/Zeszyt_do_psalmow_3D_Lezaca_2-2048x1636-2-1024x1024.png 1024w, https:\/\/psalmoterapia.pl\/wp-content\/uploads\/2025\/03\/Zeszyt_do_psalmow_3D_Lezaca_2-2048x1636-2-300x300.png 300w, https:\/\/psalmoterapia.pl\/wp-content\/uploads\/2025\/03\/Zeszyt_do_psalmow_3D_Lezaca_2-2048x1636-2-150x150.png 150w, https:\/\/psalmoterapia.pl\/wp-content\/uploads\/2025\/03\/Zeszyt_do_psalmow_3D_Lezaca_2-2048x1636-2-768x768.png 768w\" sizes=\"(max-width: 1024px) 100vw, 1024px\" \/>\t\t\t\t\t\t\t\t\t\t\t\t\t\t\t<\/div>\n\t\t\t\t<\/div>\n\t\t\t\t<\/div>\n\t\t<div class=\"elementor-element elementor-element-23fb0b6 e-con-full e-flex e-con e-child\" data-id=\"23fb0b6\" data-element_type=\"container\">\n\t\t\t\t<div class=\"elementor-element elementor-element-149fcb2 elementor-widget elementor-widget-heading\" data-id=\"149fcb2\" data-element_type=\"widget\" data-widget_type=\"heading.default\">\n\t\t\t\t<div class=\"elementor-widget-container\">\n\t\t\t\t\t<h1 class=\"elementor-heading-title elementor-size-default\">Zeszyt \u0107wicze\u0144 do psalm\u00f3w<\/h1>\t\t\t\t<\/div>\n\t\t\t\t<\/div>\n\t\t\t\t<div class=\"elementor-element elementor-element-1185b44 elementor-widget__width-initial elementor-widget elementor-widget-text-editor\" data-id=\"1185b44\" data-element_type=\"widget\" data-widget_type=\"text-editor.default\">\n\t\t\t\t<div class=\"elementor-widget-container\">\n\t\t\t\t\t\t\t\t\t<p><strong>Spotkanie z psalmami<\/strong><\/p><p>Regularnie czytasz psalmy? A mo\u017ce po raz pierwszy masz zamiar si\u0119gn\u0105\u0107 po psa\u0142terz? Niezale\u017cnie od tego, w kt\u00f3rej grupie si\u0119 znajdujesz, ta niezwyk\u0142a ksi\u0105\u017cka z pewno\u015bci\u0105 o\u017cywi Twoj\u0105 wiar\u0119! Zawarto w niej r\u00f3\u017cnorodne \u0107wiczenia, kt\u00f3re mo\u017cna dopasowa\u0107 do w\u0142asnych mo\u017cliwo\u015bci i potrzeb duchowych.<\/p><p><strong>20 psalm\u00f3w<\/strong><\/p><p>Ksi\u0105\u017cka proponuje tw\u00f3rcze, modlitewne spotkanie z 20 psalmami. Ka\u017cdy z nich poddano szczeg\u00f3\u0142owej analizie na 7 r\u00f3\u017cnych sposob\u00f3w, co pozwala na kreatywn\u0105 modlitw\u0119 przez wszystkie dni tygodnia.<\/p><p><strong>Pomoc dla ka\u017cdego<\/strong><\/p><p>\u201dZeszyt \u0107wicze\u0144\u201d to idealna pomoc dla wszystkich, kt\u00f3rzy chc\u0105 pozna\u0107 nowe metody modlitwy, wyj\u015b\u0107 ze schemat\u00f3w i do\u015bwiadczy\u0107, \u017ce dialog z Bogiem mo\u017ce by\u0107 tw\u00f3rczy, ciekawy i jeszcze bardziej owocny. Dodatkowy atut ksi\u0105\u017cki to energetyczna, motywuj\u0105ca i dopracowana szata graficzna.<\/p>\t\t\t\t\t\t\t\t<\/div>\n\t\t\t\t<\/div>\n\t\t\t\t<div class=\"elementor-element elementor-element-b657776 elementor-widget elementor-widget-button\" data-id=\"b657776\" data-element_type=\"widget\" data-widget_type=\"button.default\">\n\t\t\t\t<div class=\"elementor-widget-container\">\n\t\t\t\t\t\t\t\t\t<div class=\"elementor-button-wrapper\">\n\t\t\t\t\t<a class=\"elementor-button elementor-button-link elementor-size-sm elementor-animation-bounce-in\" href=\"https:\/\/edycja.pl\/ksiazki\/duchowosc\/zeszyt-cwiczen-do-psalmow-1320011501.html\">\n\t\t\t\t\t\t<span class=\"elementor-button-content-wrapper\">\n\t\t\t\t\t\t<span class=\"elementor-button-icon\">\n\t\t\t\t<i aria-hidden=\"true\" class=\"auxicon2 auxicon2-arrow-chevron-med-right\"><\/i>\t\t\t<\/span>\n\t\t\t\t\t\t\t\t\t<span class=\"elementor-button-text\">Kup tutaj<\/span>\n\t\t\t\t\t<\/span>\n\t\t\t\t\t<\/a>\n\t\t\t\t<\/div>\n\t\t\t\t\t\t\t\t<\/div>\n\t\t\t\t<\/div>\n\t\t\t\t<\/div>\n\t\t\t\t\t<\/div>\n\t\t\t\t<\/div>\n\t\t<div class=\"aux-parallax-section elementor-element elementor-element-5e1b9a5 e-flex e-con-boxed e-con e-parent\" data-id=\"5e1b9a5\" data-element_type=\"container\" data-settings=\"{&quot;background_background&quot;:&quot;classic&quot;}\">\n\t\t\t\t\t<div class=\"e-con-inner\">\n\t\t\t\t<div class=\"elementor-element elementor-element-7f8c8f3 elementor-widget elementor-widget-heading\" data-id=\"7f8c8f3\" data-element_type=\"widget\" data-widget_type=\"heading.default\">\n\t\t\t\t<div class=\"elementor-widget-container\">\n\t\t\t\t\t<h2 class=\"elementor-heading-title elementor-size-default\">WPROWADZENIE <br>\n<br>DO ZESZYTU \u0106WICZE\u0143 DO PSALM\u00d3W<\/h2>\t\t\t\t<\/div>\n\t\t\t\t<\/div>\n\t\t\t\t<div class=\"elementor-element elementor-element-0fa51e5 elementor-widget elementor-widget-image\" data-id=\"0fa51e5\" data-element_type=\"widget\" data-widget_type=\"image.default\">\n\t\t\t\t<div class=\"elementor-widget-container\">\n\t\t\t\t\t\t\t\t\t\t\t\t\t\t\t<img loading=\"lazy\" decoding=\"async\" width=\"472\" height=\"93\" src=\"https:\/\/psalmoterapia.pl\/wp-content\/uploads\/2025\/03\/sekcja_o_wspolnocie_ksiazka.png\" class=\"attachment-medium_large size-medium_large wp-image-2341\" alt=\"\" \/>\t\t\t\t\t\t\t\t\t\t\t\t\t\t\t<\/div>\n\t\t\t\t<\/div>\n\t\t\t\t<div class=\"elementor-element elementor-element-2dc75cb elementor-widget elementor-widget-text-editor\" data-id=\"2dc75cb\" data-element_type=\"widget\" data-widget_type=\"text-editor.default\">\n\t\t\t\t<div class=\"elementor-widget-container\">\n\t\t\t\t\t\t\t\t\t<p><span style=\"color: #ffffff;\">Wprowadzenie &#8211; Marysia Lalik<\/span><\/p>\t\t\t\t\t\t\t\t<\/div>\n\t\t\t\t<\/div>\n\t\t\t\t<div class=\"elementor-element elementor-element-af17211 elementor-widget__width-initial elementor-widget elementor-widget-video\" data-id=\"af17211\" data-element_type=\"widget\" data-settings=\"{&quot;youtube_url&quot;:&quot;https:\\\/\\\/www.youtube.com\\\/watch?v=folJ5iCUFA0&quot;,&quot;video_type&quot;:&quot;youtube&quot;,&quot;controls&quot;:&quot;yes&quot;}\" data-widget_type=\"video.default\">\n\t\t\t\t<div class=\"elementor-widget-container\">\n\t\t\t\t\t\t\t<div class=\"elementor-wrapper elementor-open-inline\">\n\t\t\t<div class=\"elementor-video\"><\/div>\t\t<\/div>\n\t\t\t\t\t\t<\/div>\n\t\t\t\t<\/div>\n\t\t\t\t\t<\/div>\n\t\t\t\t<\/div>\n\t\t<div class=\"aux-parallax-section elementor-element elementor-element-3ed78b5 e-flex e-con-boxed e-con e-parent\" data-id=\"3ed78b5\" data-element_type=\"container\" data-settings=\"{&quot;background_background&quot;:&quot;classic&quot;}\">\n\t\t\t\t\t<div class=\"e-con-inner\">\n\t\t\t\t<div class=\"elementor-element elementor-element-2591524 elementor-widget-mobile__width-initial elementor-widget__width-initial elementor-widget elementor-widget-aux_image\" data-id=\"2591524\" data-element_type=\"widget\" data-widget_type=\"aux_image.default\">\n\t\t\t\t<div class=\"elementor-widget-container\">\n\t\t\t\t\t<section class=\"widget-container aux-widget-image aux-alignnone aux-parent-auaaee8f98\">\n    <div class=\"aux-media-hint-frame \">\n        <div class=\"aux-media-image \" >\n        \n            \n\n            \n            <img loading=\"lazy\" decoding=\"async\" width=\"357\" height=\"94\" src=\"https:\/\/psalmoterapia.pl\/wp-content\/uploads\/2025\/03\/sekcja_zapisz_sie_do_wsponoty_grafika-1.png\" class=\"aux-attachment aux-featured-image aux-attachment-id-2019\" alt=\"sekcja_zapisz_sie_do_wsponoty_grafika\" srcset=\"https:\/\/psalmoterapia.pl\/wp-content\/uploads\/2025\/03\/sekcja_zapisz_sie_do_wsponoty_grafika-1-150x94.png 150w,https:\/\/psalmoterapia.pl\/wp-content\/uploads\/2025\/03\/sekcja_zapisz_sie_do_wsponoty_grafika-1-300x94.png 300w,https:\/\/psalmoterapia.pl\/wp-content\/uploads\/2025\/03\/sekcja_zapisz_sie_do_wsponoty_grafika-1.png 357w\" data-ratio=\"1\" data-original-w=\"357\" sizes=\"(max-width:479px) 480px,(max-width:767px) 768px,(max-width:1023px) 1024px,357px\" \/>            \n                <\/div>\n    <\/div>\n\n<\/section><!-- widget-container -->\t\t\t\t<\/div>\n\t\t\t\t<\/div>\n\t\t\t\t<div class=\"elementor-element elementor-element-583fea8 elementor-widget elementor-widget-heading\" data-id=\"583fea8\" data-element_type=\"widget\" data-widget_type=\"heading.default\">\n\t\t\t\t<div class=\"elementor-widget-container\">\n\t\t\t\t\t<h2 class=\"elementor-heading-title elementor-size-default\">Zapisz si\u0119 do wsp\u00f3lnoty 1w1!<\/h2>\t\t\t\t<\/div>\n\t\t\t\t<\/div>\n\t\t\t\t<div class=\"elementor-element elementor-element-6da8782 elementor-widget elementor-widget-aux_modern_button\" data-id=\"6da8782\" data-element_type=\"widget\" data-widget_type=\"aux_modern_button.default\">\n\t\t\t\t<div class=\"elementor-widget-container\">\n\t\t\t\t\t    <div class=\"aux-modern-button-wrapper aux-modern-button-align-center\" >\n                    <a class=\"aux-modern-button aux-caution aux-modern-button-sm aux-modern-button-round aux-modern-button-default aux-icon-\" href=\"mailto:flowerpiotr@gmail.com\" target=\"_blank\">\n                <div class=\"aux-overlay\"><\/div>\n                                <div class=\"aux-text\">\n<span class=\"aux-text-highlighted\">Napisz! flowerpiotr@gmail.com<\/span>                <\/div>\n            <\/a>\n            \n    <\/div>\n\n    \t\t\t\t<\/div>\n\t\t\t\t<\/div>\n\t\t\t\t\t<\/div>\n\t\t\t\t<\/div>\n\t\t<div class=\"aux-parallax-section elementor-element elementor-element-78309cb e-flex e-con-boxed e-con e-parent\" data-id=\"78309cb\" data-element_type=\"container\" data-settings=\"{&quot;background_background&quot;:&quot;classic&quot;}\">\n\t\t\t\t\t<div class=\"e-con-inner\">\n\t\t\t\t<div class=\"elementor-element elementor-element-2a9f3e3 elementor-widget__width-inherit elementor-widget elementor-widget-heading\" data-id=\"2a9f3e3\" data-element_type=\"widget\" data-widget_type=\"heading.default\">\n\t\t\t\t<div class=\"elementor-widget-container\">\n\t\t\t\t\t<h2 class=\"elementor-heading-title elementor-size-default\">publkacje<\/h2>\t\t\t\t<\/div>\n\t\t\t\t<\/div>\n\t\t\t\t<div class=\"elementor-element elementor-element-579dd40 elementor-widget__width-inherit elementor-absolute elementor-widget elementor-widget-aux_image\" data-id=\"579dd40\" data-element_type=\"widget\" data-settings=\"{&quot;_position&quot;:&quot;absolute&quot;}\" data-widget_type=\"aux_image.default\">\n\t\t\t\t<div class=\"elementor-widget-container\">\n\t\t\t\t\t<section class=\"widget-container aux-widget-image aux-alignnone aux-parent-au2d388eb2\">\n    <div class=\"aux-media-hint-frame \">\n        <div class=\"aux-media-image \" >\n        \n            \n\n            \n            <img loading=\"lazy\" decoding=\"async\" width=\"311\" height=\"88\" src=\"https:\/\/psalmoterapia.pl\/wp-content\/uploads\/2025\/03\/sekcja_publikacje_grafika.png\" class=\"aux-attachment aux-featured-image aux-attachment-id-1638\" alt=\"sekcja_publikacje_grafika\" srcset=\"https:\/\/psalmoterapia.pl\/wp-content\/uploads\/2025\/03\/sekcja_publikacje_grafika-150x88.png 150w,https:\/\/psalmoterapia.pl\/wp-content\/uploads\/2025\/03\/sekcja_publikacje_grafika-300x88.png 300w,https:\/\/psalmoterapia.pl\/wp-content\/uploads\/2025\/03\/sekcja_publikacje_grafika.png 311w\" data-ratio=\"1\" data-original-w=\"311\" sizes=\"(max-width:479px) 480px,(max-width:767px) 768px,(max-width:1023px) 1024px,311px\" \/>            \n                <\/div>\n    <\/div>\n\n<\/section><!-- widget-container -->\t\t\t\t<\/div>\n\t\t\t\t<\/div>\n\t\t\t\t<div class=\"elementor-element elementor-element-cb91fb6 carousel-links elementor-arrows-position-inside elementor-widget elementor-widget-image-carousel\" data-id=\"cb91fb6\" data-element_type=\"widget\" data-settings=\"{&quot;navigation&quot;:&quot;arrows&quot;,&quot;autoplay&quot;:&quot;yes&quot;,&quot;pause_on_hover&quot;:&quot;yes&quot;,&quot;pause_on_interaction&quot;:&quot;yes&quot;,&quot;autoplay_speed&quot;:5000,&quot;infinite&quot;:&quot;yes&quot;,&quot;speed&quot;:500}\" data-widget_type=\"image-carousel.default\">\n\t\t\t\t<div class=\"elementor-widget-container\">\n\t\t\t\t\t\t\t<div class=\"elementor-image-carousel-wrapper swiper\" role=\"region\" aria-roledescription=\"carousel\" aria-label=\"Publikacje\" dir=\"ltr\">\n\t\t\t<div class=\"elementor-image-carousel swiper-wrapper\" aria-live=\"off\">\n\t\t\t\t\t\t\t\t<div class=\"swiper-slide\" role=\"group\" aria-roledescription=\"slide\" aria-label=\"1 z 3\"><figure class=\"swiper-slide-inner\"><img decoding=\"async\" class=\"swiper-slide-image\" src=\"https:\/\/psalmoterapia.pl\/wp-content\/uploads\/2025\/03\/365_3D_Lezaca-2048x1636-1.png\" alt=\"365 dni w rytmie psalm\u00f3w\" \/><\/figure><\/div><div class=\"swiper-slide\" role=\"group\" aria-roledescription=\"slide\" aria-label=\"2 z 3\"><figure class=\"swiper-slide-inner\"><img decoding=\"async\" class=\"swiper-slide-image\" src=\"https:\/\/psalmoterapia.pl\/wp-content\/uploads\/2025\/03\/Ksiega_psalmow_3D_Lezaca_2-2048x1636-1.png\" alt=\"Ksi\u0119ga psalm\u00f3w\" \/><\/figure><\/div><div class=\"swiper-slide\" role=\"group\" aria-roledescription=\"slide\" aria-label=\"3 z 3\"><figure class=\"swiper-slide-inner\"><img decoding=\"async\" class=\"swiper-slide-image\" src=\"https:\/\/psalmoterapia.pl\/wp-content\/uploads\/2025\/03\/Psalmoterapia_3D_Lezaca-2048x1636-3.png\" alt=\"Psalmoterapia\" \/><\/figure><\/div>\t\t\t<\/div>\n\t\t\t\t\t\t\t\t\t\t\t\t<div class=\"elementor-swiper-button elementor-swiper-button-prev\" role=\"button\" tabindex=\"0\">\n\t\t\t\t\t\t<svg aria-hidden=\"true\" class=\"e-font-icon-svg e-eicon-chevron-left\" viewBox=\"0 0 1000 1000\" xmlns=\"http:\/\/www.w3.org\/2000\/svg\"><path d=\"M646 125C629 125 613 133 604 142L308 442C296 454 292 471 292 487 292 504 296 521 308 533L604 854C617 867 629 875 646 875 663 875 679 871 692 858 704 846 713 829 713 812 713 796 708 779 692 767L438 487 692 225C700 217 708 204 708 187 708 171 704 154 692 142 675 129 663 125 646 125Z\"><\/path><\/svg>\t\t\t\t\t<\/div>\n\t\t\t\t\t<div class=\"elementor-swiper-button elementor-swiper-button-next\" role=\"button\" tabindex=\"0\">\n\t\t\t\t\t\t<svg aria-hidden=\"true\" class=\"e-font-icon-svg e-eicon-chevron-right\" viewBox=\"0 0 1000 1000\" xmlns=\"http:\/\/www.w3.org\/2000\/svg\"><path d=\"M696 533C708 521 713 504 713 487 713 471 708 454 696 446L400 146C388 133 375 125 354 125 338 125 325 129 313 142 300 154 292 171 292 187 292 204 296 221 308 233L563 492 304 771C292 783 288 800 288 817 288 833 296 850 308 863 321 871 338 875 354 875 371 875 388 867 400 854L696 533Z\"><\/path><\/svg>\t\t\t\t\t<\/div>\n\t\t\t\t\n\t\t\t\t\t\t\t\t\t<\/div>\n\t\t\t\t\t\t<\/div>\n\t\t\t\t<\/div>\n\t\t\t\t<div class=\"elementor-element elementor-element-facd7ac elementor-widget elementor-widget-html\" data-id=\"facd7ac\" data-element_type=\"widget\" data-widget_type=\"html.default\">\n\t\t\t\t<div class=\"elementor-widget-container\">\n\t\t\t\t\t<style>.swiper-slide-image{cursor: pointer;} <\/style>\r\n\r\n\r\n\r\n<script>\r\n\r\ndocument.addEventListener('DOMContentLoaded', function () {\r\n\/* Edit the URL Links Here *\/\r\n\r\nlet links = [\r\n\r\n    'https:\/\/psalmoterapia.pl\/index.php\/365-dni-w-rytmie-psalmow\/',\r\n    \r\n     'https:\/\/psalmoterapia.pl\/index.php\/ksiega-psalmow-z-notatnikem-i-skrutacja\/',\r\n 'https:\/\/psalmoterapia.pl\/index.php\/psalmoterapia\/',\r\n\r\n\r\n];\r\n\r\n\r\n\r\ndocument.body.addEventListener('click', function (e) {\r\n\r\n    if (e.target.closest('.carousel-links .swiper-slide')){\r\n\r\n    let i = e.target.closest('.swiper-slide').getAttribute(\"data-swiper-slide-index\");\r\n\r\n    if (links[i] && links[i].length > 2){\r\n\r\n    window.open(links[i]);\r\n\r\n    }\r\n\r\n    }\r\n\r\n});\r\n\r\n});\r\n\r\n<\/script>\t\t\t\t<\/div>\n\t\t\t\t<\/div>\n\t\t\t\t\t<\/div>\n\t\t\t\t<\/div>\n\t\t\t\t<\/div>\n\t\t","protected":false},"excerpt":{"rendered":"<p>Zeszyt \u0107wicze\u0144 do psalm\u00f3w Podejmij tw\u00f3rcze, modlitewne spotkanie z&nbsp;20 psalmami. Poznaj r\u00f3\u017cnorodne \u0107wiczenia, kt\u00f3re mo\u017cna dopasowa\u0107 do&nbsp;w\u0142asnych mo\u017cliwo\u015bci i&nbsp;potrzeb duchowych. Dowiedz si\u0119 wi\u0119cej o ksi\u0105\u017cce Zeszyt \u0107wicze\u0144 do psalm\u00f3w Spotkanie z psalmami Regularnie czytasz psalmy? A mo\u017ce po raz pierwszy masz zamiar si\u0119gn\u0105\u0107 po psa\u0142terz? Niezale\u017cnie od tego, w kt\u00f3rej grupie si\u0119 znajdujesz, ta niezwyk\u0142a [&hellip;]<\/p>\n","protected":false},"author":3,"featured_media":0,"parent":0,"menu_order":0,"comment_status":"closed","ping_status":"closed","template":"","meta":{"footnotes":""},"class_list":["post-783","page","type-page","status-publish","hentry"],"_links":{"self":[{"href":"https:\/\/psalmoterapia.pl\/index.php\/wp-json\/wp\/v2\/pages\/783","targetHints":{"allow":["GET"]}}],"collection":[{"href":"https:\/\/psalmoterapia.pl\/index.php\/wp-json\/wp\/v2\/pages"}],"about":[{"href":"https:\/\/psalmoterapia.pl\/index.php\/wp-json\/wp\/v2\/types\/page"}],"author":[{"embeddable":true,"href":"https:\/\/psalmoterapia.pl\/index.php\/wp-json\/wp\/v2\/users\/3"}],"replies":[{"embeddable":true,"href":"https:\/\/psalmoterapia.pl\/index.php\/wp-json\/wp\/v2\/comments?post=783"}],"version-history":[{"count":79,"href":"https:\/\/psalmoterapia.pl\/index.php\/wp-json\/wp\/v2\/pages\/783\/revisions"}],"predecessor-version":[{"id":2372,"href":"https:\/\/psalmoterapia.pl\/index.php\/wp-json\/wp\/v2\/pages\/783\/revisions\/2372"}],"wp:attachment":[{"href":"https:\/\/psalmoterapia.pl\/index.php\/wp-json\/wp\/v2\/media?parent=783"}],"curies":[{"name":"wp","href":"https:\/\/api.w.org\/{rel}","templated":true}]}}